vided by 4090.
4087
What is the remainder when 594976433 is divided by 78?
77
Calculate the remainder when 37153164 is divided by 285.
279
What is the remainder when 15563358 is divided by 1173?
1167
Calculate the remainder when 526576 is divided by 466.
462
Calculate the remainder when 27337 is divided by 26778.
559
Calculate the remainder when 75176 is divided by 23955.
3311
What is the remainder when 285104 is divided by 95025?
29
Calculate the remainder when 147917 is divided by 73337.
1243
What is the remainder when 89919986 is divided by 4087272?
2
What is the remainder when 87438 is divided by 43679?
80
Calculate the remainder when 236345170 is divided by 47269033.
5
Calculate the remainder when 605782 is divided by 5372.
4118
What is the remainder when 256156455 is divided by 42692741?
9
What is the remainder when 54800852 is divided by 281030?
2
What is the remainder when 62087 is divided by 1753?
732
Calculate the remainder when 37529 is divided by 129.
119
What is the remainder when 121204 is divided by 120204?
1000
What is the remainder when 3849262 is divided by 64?
46
What is the remainder when 89225 is divided by 7402?
401
Calculate the remainder when 12663766 is divided by 10.
6
What is the remainder when 149862 is divided by 1027?
947
Calculate the remainder when 17260332 is divided by 146274.
0
What is the remainder when 166812 is divided by 83056?
700
Calculate the remainder when 715269 is divided by 425.
419
What is the remainder when 12512001 is divided by 4805?
4586
Calculate the remainder when 183876 is divided by 317.
16
What is the remainder when 11628101 is divided by 160?
101
Calculate the remainder when 4858904 is divided by 410.
404
What is the remainder when 3870984 is divided by 3207?
135
Calculate the remainder when 49695 is divided by 12359.
259
What is the remainder when 43416676 is divided by 226?
42
What is the remainder when 15574307 is divided by 2890?
97
Calculate the remainder when 3709894 is divided by 9537.
1
Calculate the remainder when 2289506 is divided by 5032.
4978
Calculate the remainder when 129826 is divided by 8496.
2386
What is the remainder when 829712 is divided by 1317?
2
What is the remainder when 8346 is divided by 1666?
16
What is the remainder when 6282820 is divided by 111?
109
Calculate the remainder when 2215268 is divided by 484.
0
Calculate the remainder when 1700611 is divided by 35.
31
What is the remainder when 1329684 is divided by 132960?
84
What is the remainder when 4674 is divided by 3912?
762
Calculate the remainder when 2647 is divided by 853.
88
Calculate the remainder when 5259696 is divided by 17.
15
What is the remainder when 362197 is divided by 58046?
13921
Calculate the remainder when 6387023 is divided by 7011.
2
Calculate the remainder when 140170 is divided by 1473.
235
What is the remainder when 8391894 is divided by 51484?
2
What is the remainder when 55663129 is divided by 18554374?
7
Calculate the remainder when 49043 is divided by 23.
7
Calculate the remainder when 292709 is divided by 111.
2
Calculate the remainder when 419601 is divided by 139815.
156
What is the remainder when 12612 is divided by 3857?
1041
Calculate the remainder when 132248757 is divided by 26449749.
12
What is the remainder when 106925 is divided by 41?
38
Calculate the remainder when 10125516 is divided by 920501.
5
What is the remainder when 39921164 is divided by 2122?
2100
What is the remainder when 2155347 is divided by 372?
351
Calculate the remainder when 106656809 is divided by 26.
25
Calculate the remainder when 19020049 is divided by 97.
95
What is the remainder when 195189 is divided by 88?
5
Calculate the remainder when 1639465 is divided by 3312.
25
What is the remainder when 572874 is divided by 5026?
4936
What is the remainder when 28481028 is divided by 7120246?
44
Calculate the remainder when 41910 is divided by 20316.
1278
Calculate the remainder when 62186 is divided by 3390.
1166
Calculate the remainder when 638172 is divided by 21973.
955
Calculate the remainder when 14964483 is divided by 44.
39
What is the remainder when 743545 is divided by 53?
8
What is the remainder when 5447563 is divided by 260?
43
What is the remainder when 1842890 is divided by 774?
770
Calculate the remainder when 387732419 is divided by 54.
53
What is the remainder when 87536 is divided by 1683?
20
What is the remainder when 2728989 is divided by 7910?
39
Calculate the remainder when 130795 is divided by 543.
475
What is the remainder when 28644459 is divided by 28644451?
8
Calculate the remainder when 7571880 is divided by 7571836.
44
What is the remainder when 4548609 is divided by 197762?
83
Calculate the remainder when 1949407 is divided by 55693.
152
What is the remainder when 13474346 is divided by 104?
2
Calculate the remainder when 310506 is divided by 3295.
776
Calculate the remainder when 9067224 is divided by 302240.
24
Calculate the remainder when 159710 is divided by 2537.
2416
What is the remainder when 328548 is divided by 19323?
57
Calculate the remainder when 93409 is divided by 642.
319
What is the remainder when 2025139 is divided by 1699?
1630
Calculate the remainder when 2487103 is divided by 7188.
55
What is the remainder when 31672758 is divided by 140?
138
What is the remainder when 1578964 is divided by 9?
4
Calculate the remainder when 860155 is divided by 5444.
3
What is the remainder when 1820772 is divided by 1370?
42
Calculate the remainder when 29352 is divided by 217.
57
Calculate the remainder when 4950990 is divided by 4950928.
62
What is the remainder when 122213479 is divided by 102?
37
Calculate the remainder when 362601 is divided by 907.
708
Calculate the remainder when 377203607 is divided by 1719.
1718
What is the remainder when 3170454 is divided by 13548?
222
What is the remainder when 35797 is divided by 271?
25
What is the remainder when 217453 is divided by 21658?
873
Calculate the remainder when 521130 is divided by 1348.
802
What is the remainder when 4341651 is divided by 2847?
2823
Calculate the remainder when 11515497 is divided by 1535.
1462
Calculate the remainder when 74646 is divided by 53.
22
What is the remainder when 5076143 is divided by 2538046?
51
What is the remainder when 397927 is divided by 111?
103
What is the remainder when 399545936 is divided by 127?
126
Calculate the remainder when 1083546 is divided by 2248.
10
What is the remainder when 91448 is divided by 912?
248
What is the remainder when 6130401 is divided by 295?
6
Calculate the remainder when 23477785 is divided by 15.
10
Calculate the remainder when 51578 is divided by 2499.
1598
What is the remainder when 677647 is divided by 302?
261
What is the remainder when 39296297 is divided by 36?
29
What is the remainder when 458533 is divided by 303?
94
Calculate the remainder when 969619 is divided by 484184.
1251
Calculate the remainder when 559707188 is divided by 14.
12
What is the remainder when 3489043 is divided by 13?
12
What is the remainder when 272557 is divided by 11816?
789
What is the remainder when 22320 is divided by 22019?
301
What is the remainder when 512650 is divided by 6745?
30
What is the remainder when 675346432 is divided by 2623?
2622
Calculate the remainder when 1265237 is divided by 15.
2
Calculate the remainder when 5903489 is divided by 1163.
101
Calculate the remainder when 237198 is divided by 2929.
2878
What is the remainder when 10428816 is divided by 299?
294
What is the remainder when 77115117 is divided by 11539?
11519
Calculate the remainder when 259189183 is divided by 32398647.
7
Calculate the remainder when 118553 is divided by 16893.
302
Calculate the remainder when 877183 is divided by 146185.
73
Calculate the remainder when 1770239 is divided by 5.
4
What is the remainder when 4405623 is divided by 64?
55
Calculate the remainder when 383278 is divided by 14326.
10802
What is the remainder when 80058814 is divided by 144?
142
What is the remainder when 571262 is divided by 417?
389
Calculate the remainder when 42658 is divided by 21302.
54
Calculate the remainder when 3271766 is divided by 2731.
28
Calculate the remainder when 51201 is divided by 1257.
921
What is the remainder when 2456861 is divided by 116?
97
What 